{"id":5473,"date":"2022-11-30T19:04:12","date_gmt":"2022-11-30T18:04:12","guid":{"rendered":"https:\/\/www.sartoriafilangieri.it\/sito\/?post_type=product&#038;p=5473"},"modified":"2024-11-05T14:46:43","modified_gmt":"2024-11-05T13:46:43","slug":"trench-blu-regular-fit-collezione-autunno-inverno","status":"publish","type":"product","link":"https:\/\/www.sartoriafilangieri.it\/sito\/product\/trench-blu-regular-fit-collezione-autunno-inverno\/","title":{"rendered":"Trench blu | Regular Fit | Collezione Autunno Inverno"},"content":{"rendered":"<p><strong>DESCRIZIONE<\/strong><\/p>\n<p>Trench realizzato in tessuto tecnico idrorepellente, con una costruzione double front, una chiusura con bottoni nascosti, tasche oblique.<\/p>\n<p><strong>DETTAGLI<\/strong><\/p>\n<ul>\n<li>Made in Italy<\/li>\n<li>Impermeabile<\/li>\n<\/ul>\n","protected":false},"excerpt":{"rendered":"<p>Perfetta fusione di funzionalit\u00e0 e stile, una vera rivoluzione nel guardaroba maschile. Grazie alla versatilit\u00e0 di questo capo, consente di affrontare con eleganza ogni occasione dalla pi\u00f9 formale alla pi\u00f9 casual, rendendolo un connubio in ogni situazione. Disegnato, Prodotto e Distribuito dalla Sartoria Filangieri:<\/p>\n<p>&nbsp;<\/p>\n<ul>\n<li>chiusura a bottoni<\/li>\n<li>tasche a filetto all\u2019americana<\/li>\n<li>doppio taschino interno a filetto con chiusura a zip<\/li>\n<li>check interno in rilievo<\/li>\n<li>indicazioni di cura, mantenimento e lavaggio incluse<\/li>\n<\/ul>\n","protected":false},"featured_media":5372,"template":"","meta":[],"product_brand":[],"product_cat":[44],"product_tag":[],"class_list":{"0":"post-5473","1":"product","2":"type-product","3":"status-publish","4":"has-post-thumbnail","6":"product_cat-copriabiti","8":"first","9":"instock","10":"taxable","11":"shipping-taxable","12":"purchasable","13":"product-type-variable"},"_links":{"self":[{"href":"https:\/\/www.sartoriafilangieri.it\/sito\/wp-json\/wp\/v2\/product\/5473","targetHints":{"allow":["GET"]}}],"collection":[{"href":"https:\/\/www.sartoriafilangieri.it\/sito\/wp-json\/wp\/v2\/product"}],"about":[{"href":"https:\/\/www.sartoriafilangieri.it\/sito\/wp-json\/wp\/v2\/types\/product"}],"version-history":[{"count":2,"href":"https:\/\/www.sartoriafilangieri.it\/sito\/wp-json\/wp\/v2\/product\/5473\/revisions"}],"predecessor-version":[{"id":6472,"href":"https:\/\/www.sartoriafilangieri.it\/sito\/wp-json\/wp\/v2\/product\/5473\/revisions\/6472"}],"wp:featuredmedia":[{"embeddable":true,"href":"https:\/\/www.sartoriafilangieri.it\/sito\/wp-json\/wp\/v2\/media\/5372"}],"wp:attachment":[{"href":"https:\/\/www.sartoriafilangieri.it\/sito\/wp-json\/wp\/v2\/media?parent=5473"}],"wp:term":[{"taxonomy":"product_brand","embeddable":true,"href":"https:\/\/www.sartoriafilangieri.it\/sito\/wp-json\/wp\/v2\/product_brand?post=5473"},{"taxonomy":"product_cat","embeddable":true,"href":"https:\/\/www.sartoriafilangieri.it\/sito\/wp-json\/wp\/v2\/product_cat?post=5473"},{"taxonomy":"product_tag","embeddable":true,"href":"https:\/\/www.sartoriafilangieri.it\/sito\/wp-json\/wp\/v2\/product_tag?post=5473"}],"curies":[{"name":"wp","href":"https:\/\/api.w.org\/{rel}","templated":true}]}}

<p>Perfetta fusione di funzionalità e stile, una vera rivoluzione nel guardaroba maschile. Grazie alla versatilità di questo capo, consente di affrontare con eleganza ogni occasione dalla più formale alla più casual, rendendolo un connubio in ogni situazione. Disegnato, Prodotto e Distribuito dalla Sartoria Filangieri:</p>
<p>&nbsp;</p>
<ul>
<li>chiusura a bottoni</li>
<li>tasche a filetto all’americana</li>
<li>doppio taschino interno a filetto con chiusura a zip</li>
<li>check interno in rilievo</li>
<li>indicazioni di cura, mantenimento e lavaggio incluse</li>
</ul>
